-- Adminer 4.8.1 MySQL 5.7.27-0ubuntu0.16.04.1 dump

SET foreign_key_checks = 0;
SET sql_mode = 'NO_AUTO_VALUE_ON_ZERO';

CREATE TABLE `fotky` (
  `id` int(11) NOT NULL AUTO_INCREMENT,
  `id_kavy` int(11) NOT NULL,
  `cesta_k_obrazku` varchar(255) COLLATE utf8_czech_ci NOT NULL,
  PRIMARY KEY (`id`),
  KEY `id_kavy` (`id_kavy`),
  CONSTRAINT `fotky_ibfk_3` FOREIGN KEY (`id_kavy`) REFERENCES `kava` (`id`) ON DELETE CASCADE ON UPDATE CASCADE
) ENGINE=InnoDB DEFAULT CHARSET=utf8 COLLATE=utf8_czech_ci;

INSERT INTO `fotky` (`id`, `id_kavy`, `cesta_k_obrazku`) VALUES
(3,	3,	'uploads/El Diamante_29.05.2025_21-38-10_6838b7a24933a9.93573607.webp'),
(4,	4,	'uploads/Velikonoční káva 2025_29.05.2025_21-40-00_6838b81008f8b0.99717961.webp'),
(6,	6,	'uploads/Vilcabamba_29.05.2025_21-42-07_6838b88fcd2384.99084488.webp'),
(8,	8,	'uploads/X-MASS BLEND_29.05.2025_21-44-37_6838b925de2153.56279266.webp'),
(9,	9,	'uploads/Café Malacatus Miel_29.05.2025_21-45-41_6838b965dedd96.75068326.webp'),
(10,	10,	'uploads/Valentine Blend_29.05.2025_21-46-46_6838b9a62588e9.10895186.webp'),
(11,	11,	'uploads/Handcrafted Coffee_29.05.2025_21-48-05_6838b9f56f4197.53169837.webp'),
(12,	12,	'uploads/Krudumská_29.05.2025_21-49-11_6838ba372dbeb8.48119386.webp'),
(13,	13,	'uploads/Naše cesta_29.05.2025_21-50-27_6838ba83670d89.85960579.webp'),
(14,	14,	'uploads/Handcrafted Coffee Colombia_29.05.2025_21-51-18_6838bab6be5480.99079804.webp'),
(15,	15,	'uploads/Kenya AA_29.05.2025_21-53-18_6838bb2e467687.92930265.webp');

CREATE TABLE `hodnoceni` (
  `id` int(11) NOT NULL AUTO_INCREMENT,
  `id_uzivatele` int(11) NOT NULL,
  `id_kavy` int(11) NOT NULL,
  `hodnoceni` tinyint(3) NOT NULL,
  `komentar` varchar(255) COLLATE utf8_czech_ci DEFAULT NULL,
  `okomentovano` datetime NOT NULL DEFAULT CURRENT_TIMESTAMP,
  PRIMARY KEY (`id`),
  KEY `id_kavy` (`id_kavy`),
  KEY `id_uzivatele` (`id_uzivatele`),
  CONSTRAINT `hodnoceni_ibfk_4` FOREIGN KEY (`id_kavy`) REFERENCES `kava` (`id`) ON DELETE CASCADE ON UPDATE CASCADE,
  CONSTRAINT `hodnoceni_ibfk_5` FOREIGN KEY (`id_uzivatele`) REFERENCES `uzivatele` (`id`) ON DELETE CASCADE ON UPDATE CASCADE
) ENGINE=InnoDB DEFAULT CHARSET=utf8 COLLATE=utf8_czech_ci;

INSERT INTO `hodnoceni` (`id`, `id_uzivatele`, `id_kavy`, `hodnoceni`, `komentar`, `okomentovano`) VALUES
(1,	23,	4,	2,	'nic moc',	'2025-05-29 22:50:18'),
(2,	23,	6,	2,	'nic moc',	'2025-05-29 22:55:15'),
(3,	22,	6,	5,	'good',	'2025-05-29 22:55:37'),
(4,	25,	4,	5,	'',	'2025-05-29 22:57:16'),
(5,	26,	6,	4,	'Docela banger',	'2025-05-29 23:01:26'),
(6,	23,	3,	2,	'tato káva není moc dobrá',	'2025-06-01 19:32:31'),
(8,	29,	8,	4,	'moc dobré',	'2025-06-03 08:47:56'),
(9,	22,	8,	2,	'',	'2025-06-03 08:48:26'),
(10,	30,	9,	4,	'Silná a vyvážená',	'2025-06-03 20:25:10'),
(11,	31,	9,	5,	'Nejlepší, co jsem pil',	'2025-06-03 20:25:36'),
(12,	32,	10,	2,	'Příliš kyselá',	'2025-06-03 20:26:11'),
(13,	33,	10,	3,	'Ujde, ale nic extra',	'2025-06-03 20:26:43'),
(14,	45,	11,	5,	'Skvělé tělo a aroma!',	'2025-06-03 20:27:11'),
(15,	46,	11,	2,	'Moc slabá pěna',	'2025-06-03 20:27:28'),
(16,	47,	3,	4,	'Výrazná a hořká – super',	'2025-06-03 20:27:55'),
(17,	48,	12,	4,	'Výborná do mléka',	'2025-06-03 20:28:51'),
(18,	49,	12,	3,	'Střední kvalita',	'2025-06-03 20:29:09'),
(19,	50,	13,	5,	'Nakopne na celý den!',	'2025-06-03 20:29:32'),
(20,	51,	13,	2,	'Zklamání, mdlá chuť',	'2025-06-03 20:29:50'),
(21,	52,	14,	4,	'Ideální na probuzení',	'2025-06-03 20:30:22'),
(22,	53,	14,	5,	'Čistá arabika – top!',	'2025-06-03 20:30:44'),
(23,	54,	15,	3,	'Příjemná, ale krátký dozvuk',	'2025-06-03 20:31:11'),
(24,	55,	15,	4,	'Zajímavé čokoládové tóny',	'2025-06-03 20:31:38');

CREATE TABLE `kava` (
  `id` int(11) NOT NULL AUTO_INCREMENT,
  `nazev_kavy` varchar(100) COLLATE utf8_czech_ci NOT NULL,
  `znacka_prazirna` varchar(100) COLLATE utf8_czech_ci NOT NULL,
  `odruda` varchar(100) COLLATE utf8_czech_ci NOT NULL,
  `zeme_puvodu` enum('Brazílie','Dominikánská republika','Ekvádor','Etiopie','Guatemala','Honduras','Indie','Indonésie','Jamajka','Keňa','Kolumbie','Kostarika','Kuba','Mexiko','Nikaragua','Papua Nová Guinea','Peru','Rwanda','Salvador','Tanzánie','Uganda','Vietnam','Jáva') COLLATE utf8_czech_ci NOT NULL,
  `stupen_prazeni` enum('světlé','středně světlé','střední','středně tmavé','tmavé') COLLATE utf8_czech_ci DEFAULT NULL,
  `typ` enum('zrnková káva','čerstvě pražená káva','mletá káva','bezkofeinová káva') COLLATE utf8_czech_ci DEFAULT NULL,
  `chutovy_profil` set('čokoládová','ovocná','oříšková','květinová','zemitá','citrusová','karamelová','sladká','kořeněná','krémová','žádný') COLLATE utf8_czech_ci NOT NULL,
  `pridano` datetime NOT NULL DEFAULT CURRENT_TIMESTAMP,
  `pridano_uzivatel_jmeno` varchar(100) COLLATE utf8_czech_ci NOT NULL,
  `overeno` tinyint(1) NOT NULL,
  PRIMARY KEY (`id`)
) ENGINE=InnoDB DEFAULT CHARSET=utf8 COLLATE=utf8_czech_ci;

INSERT INTO `kava` (`id`, `nazev_kavy`, `znacka_prazirna`, `odruda`, `zeme_puvodu`, `stupen_prazeni`, `typ`, `chutovy_profil`, `pridano`, `pridano_uzivatel_jmeno`, `overeno`) VALUES
(3,	'El Diamante',	'Tchibo',	'arabica',	'Peru',	'střední',	'zrnková káva',	'oříšková,sladká',	'2025-05-29 21:38:10',	'KavaFan88',	1),
(4,	'Velikonoční káva 2025',	'COFFEESPOT',	'arabica',	'Mexiko',	'středně tmavé',	'čerstvě pražená káva',	'čokoládová,citrusová,sladká',	'2025-05-29 21:40:00',	'BeanHunterCZ',	1),
(6,	'Vilcabamba',	'Čokoládovna Troubelice',	'arabica',	'Ekvádor',	'středně světlé',	'čerstvě pražená káva',	'čokoládová,oříšková',	'2025-05-29 21:42:07',	'Jan Havlan',	1),
(8,	'X-MASS BLEND',	'CITY ROASTERS',	'mondo novo',	'Brazílie',	'střední',	'čerstvě pražená káva',	'čokoládová,ovocná,oříšková,krémová',	'2025-05-29 21:44:37',	'EspressoVoyager',	1),
(9,	'Café Malacatus Miel',	'Čokoládovna Troubelice',	'típica',	'Ekvádor',	'středně tmavé',	'čerstvě pražená káva',	'ovocná',	'2025-05-29 21:45:41',	'TmavaMoc',	1),
(10,	'Valentine Blend',	'CITY ROASTERS',	'mondo novo',	'Brazílie',	'světlé',	'zrnková káva',	'čokoládová,oříšková',	'2025-05-29 21:46:46',	'LatteLoverX',	1),
(11,	'Handcrafted Coffee',	'Bellarom',	'arabica',	'Brazílie',	'středně světlé',	'čerstvě pražená káva',	'ovocná',	'2025-05-29 21:48:05',	'CafeNova42',	1),
(12,	'Krudumská',	'Crudum COFFEE',	'arabica',	'Brazílie',	'střední',	'zrnková káva',	'ovocná',	'2025-05-29 21:49:11',	'Kofeinak2025',	1),
(13,	'Naše cesta',	'Crudum COFFEE',	'robusta',	'Indie',	'střední',	'zrnková káva',	'čokoládová,oříšková',	'2025-05-29 21:50:27',	'MletaRealita',	1),
(14,	'Handcrafted Coffee Colombia',	'Bellarom',	'arabica',	'Kolumbie',	'světlé',	'zrnková káva',	'ovocná,květinová',	'2025-05-29 21:51:18',	'RanniStartCZ',	1),
(15,	'Kenya AA',	'JAVA HOUSE',	'arabica',	'Keňa',	'střední',	'zrnková káva',	'ovocná,citrusová',	'2025-05-29 21:53:18',	'ArabicaHero',	1);

CREATE TABLE `uzivatele` (
  `id` int(11) NOT NULL AUTO_INCREMENT,
  `uzivatelske_jmeno` varchar(100) COLLATE utf8_czech_ci NOT NULL,
  `heslo` varchar(100) COLLATE utf8_czech_ci NOT NULL,
  `vytvoreno` timestamp NOT NULL DEFAULT CURRENT_TIMESTAMP ON UPDATE CURRENT_TIMESTAMP,
  `role` enum('user','admin') COLLATE utf8_czech_ci NOT NULL,
  PRIMARY KEY (`id`)
) ENGINE=InnoDB DEFAULT CHARSET=utf8 COLLATE=utf8_czech_ci;

INSERT INTO `uzivatele` (`id`, `uzivatelske_jmeno`, `heslo`, `vytvoreno`, `role`) VALUES
(22,	'admin',	'$2y$10$cm.5b2L.OmsxTK0yj4yZ6uRmZMRdqF1bR/Mp7UKvxYRJvLldiRL4K',	'2025-05-29 19:31:30',	'admin'),
(23,	'Jan Havlan',	'$2y$10$V3p/6S3ZcHwj2yn1LHHRiecU3YyhzCE83xOFm4.0RnS0Iw4x3GTeG',	'2025-05-29 19:31:56',	'user'),
(24,	'klema',	'$2y$10$Q8Pvj3YnaX1YirYBU5AF6emWdwSU//tv9k.hmq25il8F/pkmOWMEW',	'2025-05-29 20:23:19',	'admin'),
(25,	'Mamka',	'$2y$10$OanfQ4ub4B/F3GIufs888uEmU33As8fEzbG4A.jKrGKj6qv217GpO',	'2025-05-29 20:56:56',	'user'),
(26,	'Bruce Wayne',	'$2y$10$yCV501/op/.2bQ0amqSpceMa6jVb206sbw7l24sNQE41Xwcj31b7y',	'2025-05-29 21:00:39',	'user'),
(27,	'havlja2',	'$2y$10$8g8j/.6GQPs6M66LKAxeMe3qsMl6vHKkv8rn7cs9AL1XpOKTI5Sqy',	'2025-06-02 06:10:48',	'user'),
(29,	'jenda',	'$2y$10$bTYN.9O5M1kL07gfUAcQN.7b2ERBkbnpcR1Rl8VJvWeMNRduAicEG',	'2025-06-03 06:45:34',	'user'),
(30,	'KavaFan88',	'$2y$10$i1UtbA/3Sk1bnk7PHKl/7O2.SkURMsra.oqLCcckgkyh9f8mamtl2',	'2025-06-03 18:19:36',	'user'),
(31,	'ZrnoMistr',	'$2y$10$zSGast.8AGuBxsFTapBV.ulbLdiUH50jUtf2aEhMUsYZrjrILTMUy',	'2025-06-03 18:19:44',	'user'),
(32,	'BeanHunterCZ',	'$2y$10$ONNv8NM6TzmV2DZofhgI6.CJ6qfrRpJ26X3RZZ7dPpmNY67PfpJy.',	'2025-06-03 18:19:53',	'user'),
(33,	'HorkyShot7',	'$2y$10$dka43uySISfOZyV0IqUfiu0rQ/NX5Y4kvqjHdO4cYeeHET4AcKAP2',	'2025-06-03 18:20:00',	'user'),
(45,	'EspressoVoyager',	'$2y$10$7DABZIVGZ3y2gHKUNQy.Dua4d8pMW0YXm6UmTxF.45Ezdd0GYxTb6',	'2025-06-03 18:22:19',	'user'),
(46,	'PenaExpert21',	'$2y$10$PDWdVdebEFg3d71EpqTAe.YMGuWOPFjPRtTgKg7luenHeZeB.0sNC',	'2025-06-03 18:22:27',	'user'),
(47,	'TmavaMoc',	'$2y$10$n9VidyZCbnSh9YbXBuEzU.clZZXs0WoJR0gu78xht30pJtWjLCKQG',	'2025-06-03 18:22:34',	'user'),
(48,	'LatteLoverX',	'$2y$10$nadDVNe5BxcSPcKpGhBw5.ntzktd8iLHzBNwmiSC7Z7mTQCdEOt9C',	'2025-06-03 18:22:49',	'user'),
(49,	'CafeNova42',	'$2y$10$pqmvU2/sPgP1u6KvwcdzjuCBkUt40rNKUxPW5MWc1fe7FZL5ZTBOO',	'2025-06-03 18:22:57',	'user'),
(50,	'Kofeinak2025',	'$2y$10$v/rCKFmHXAGilENw9fc5T.fcSfYn6OU/XlYJX3ccQJfGWAYqC0XNW',	'2025-06-03 18:23:04',	'user'),
(51,	'MletaRealita',	'$2y$10$dRDVRp.eWX5RtgBBi93A0OZG6NKb3GUFli1KQKPryua8FdtYqkz/O',	'2025-06-03 18:23:13',	'user'),
(52,	'RanniStartCZ',	'$2y$10$91qF/eGId/MV9TP3jLJnVu3dhJEnue/gSgGmYq6EUoxdT3SuZIUJy',	'2025-06-03 18:23:27',	'user'),
(53,	'ArabicaHero',	'$2y$10$JS7GdeIDa.g3S4q7eG0HaulIPO7O75VqANhCPWW9xC7CX9KEExoO6',	'2025-06-03 18:23:39',	'user'),
(54,	'CuppaTime',	'$2y$10$MfmWPnLRGH3UfY2.8dSz2OvsBGZttPTbRp5czAJNIri8MfeHKGl2W',	'2025-06-03 18:23:51',	'user'),
(55,	'MokkoMystik',	'$2y$10$uFDimXN6f7LnOSbOJB8CZ.n0XgPFkzTe.LCYyqZiFBy8n8r19QaOa',	'2025-06-03 18:24:00',	'user');

-- 2025-06-03 18:36:08
