-- Adminer 4.8.1 MySQL 5.7.27-0ubuntu0.16.04.1 dump

SET foreign_key_checks = 0;
SET sql_mode = 'NO_AUTO_VALUE_ON_ZERO';

CREATE TABLE `fotky` (
  `id` int(11) NOT NULL AUTO_INCREMENT,
  `id_kavy` int(11) NOT NULL,
  `cesta_k_obrazku` varchar(255) COLLATE utf8_czech_ci NOT NULL,
  PRIMARY KEY (`id`),
  KEY `id_kavy` (`id_kavy`),
  CONSTRAINT `fotky_ibfk_3` FOREIGN KEY (`id_kavy`) REFERENCES `kava` (`id`) ON DELETE CASCADE ON UPDATE CASCADE
) ENGINE=InnoDB AUTO_INCREMENT=24 DEFAULT CHARSET=utf8 COLLATE=utf8_czech_ci;

INSERT INTO `fotky` (`id`, `id_kavy`, `cesta_k_obrazku`) VALUES
(3,	3,	'uploads/El Diamante_29.05.2025_21-38-10_6838b7a24933a9.93573607.webp'),
(4,	4,	'uploads/Velikonoční káva 2025_29.05.2025_21-40-00_6838b81008f8b0.99717961.webp'),
(6,	6,	'uploads/Vilcabamba_29.05.2025_21-42-07_6838b88fcd2384.99084488.webp'),
(8,	8,	'uploads/X-MASS BLEND_29.05.2025_21-44-37_6838b925de2153.56279266.webp'),
(9,	9,	'uploads/Café Malacatus Miel_29.05.2025_21-45-41_6838b965dedd96.75068326.webp'),
(10,	10,	'uploads/Valentine Blend_29.05.2025_21-46-46_6838b9a62588e9.10895186.webp'),
(11,	11,	'uploads/Handcrafted Coffee_29.05.2025_21-48-05_6838b9f56f4197.53169837.webp'),
(12,	12,	'uploads/Krudumská_29.05.2025_21-49-11_6838ba372dbeb8.48119386.webp'),
(13,	13,	'uploads/Naše cesta_29.05.2025_21-50-27_6838ba83670d89.85960579.webp'),
(14,	14,	'uploads/Handcrafted Coffee Colombia_29.05.2025_21-51-18_6838bab6be5480.99079804.webp'),
(15,	15,	'uploads/Kenya AA_29.05.2025_21-53-18_6838bb2e467687.92930265.webp'),
(23,	23,	'uploads/PINKSTAR_09.06.2025_19-19-10_6847178e85ee88.38800900.webp');

CREATE TABLE `hodnoceni` (
  `id` int(11) NOT NULL AUTO_INCREMENT,
  `id_uzivatele` int(11) NOT NULL,
  `id_kavy` int(11) NOT NULL,
  `hodnoceni` tinyint(3) NOT NULL,
  `komentar` varchar(255) COLLATE utf8_czech_ci DEFAULT NULL,
  `okomentovano` datetime NOT NULL DEFAULT CURRENT_TIMESTAMP,
  PRIMARY KEY (`id`),
  KEY `id_kavy` (`id_kavy`),
  KEY `id_uzivatele` (`id_uzivatele`),
  CONSTRAINT `hodnoceni_ibfk_4` FOREIGN KEY (`id_kavy`) REFERENCES `kava` (`id`) ON DELETE CASCADE ON UPDATE CASCADE,
  CONSTRAINT `hodnoceni_ibfk_5` FOREIGN KEY (`id_uzivatele`) REFERENCES `uzivatele` (`id`) ON DELETE CASCADE ON UPDATE CASCADE
) ENGINE=InnoDB AUTO_INCREMENT=26 DEFAULT CHARSET=utf8 COLLATE=utf8_czech_ci;

INSERT INTO `hodnoceni` (`id`, `id_uzivatele`, `id_kavy`, `hodnoceni`, `komentar`, `okomentovano`) VALUES
(1,	23,	4,	2,	'nic moc',	'2025-05-29 22:50:18'),
(2,	23,	6,	2,	'nic moc',	'2025-05-29 22:55:15'),
(3,	22,	6,	5,	'good',	'2025-05-29 22:55:37'),
(4,	25,	4,	5,	'',	'2025-05-29 22:57:16'),
(5,	26,	6,	4,	'Docela banger',	'2025-05-29 23:01:26'),
(6,	23,	3,	2,	'tato káva není moc dobrá',	'2025-06-01 19:32:31'),
(8,	29,	8,	4,	'moc dobré',	'2025-06-03 08:47:56'),
(9,	22,	8,	2,	'',	'2025-06-03 08:48:26'),
(10,	30,	9,	4,	'Silná a vyvážená',	'2025-06-03 20:25:10'),
(11,	31,	9,	5,	'Nejlepší, co jsem pil',	'2025-06-03 20:25:36'),
(12,	32,	10,	2,	'Příliš kyselá',	'2025-06-03 20:26:11'),
(13,	33,	10,	3,	'Ujde, ale nic extra',	'2025-06-03 20:26:43'),
(14,	45,	11,	5,	'Skvělé tělo a aroma!',	'2025-06-03 20:27:11'),
(15,	46,	11,	2,	'Moc slabá pěna',	'2025-06-03 20:27:28'),
(16,	47,	3,	4,	'Výrazná a hořká – super',	'2025-06-03 20:27:55'),
(17,	48,	12,	4,	'Výborná do mléka',	'2025-06-03 20:28:51'),
(18,	49,	12,	3,	'Střední kvalita',	'2025-06-03 20:29:09'),
(19,	50,	13,	5,	'Nakopne na celý den!',	'2025-06-03 20:29:32'),
(20,	51,	13,	2,	'Zklamání, mdlá chuť',	'2025-06-03 20:29:50'),
(21,	52,	14,	4,	'Ideální na probuzení',	'2025-06-03 20:30:22'),
(22,	53,	14,	5,	'Čistá arabika – top!',	'2025-06-03 20:30:44'),
(23,	54,	15,	3,	'Příjemná, ale krátký dozvuk',	'2025-06-03 20:31:11'),
(24,	55,	15,	4,	'Zajímavé čokoládové tóny',	'2025-06-03 20:31:38'),
(25,	22,	23,	3,	'ewgafwer',	'2025-06-10 13:37:12');

CREATE TABLE `kava` (
  `id` int(11) NOT NULL AUTO_INCREMENT,
  `nazev_kavy` varchar(100) COLLATE utf8_czech_ci NOT NULL,
  `znacka_prazirna` varchar(100) COLLATE utf8_czech_ci NOT NULL,
  `odruda` varchar(100) COLLATE utf8_czech_ci NOT NULL,
  `zeme_puvodu` enum('Brazílie','Dominikánská republika','Ekvádor','Etiopie','Guatemala','Honduras','Indie','Indonésie','Jamajka','Keňa','Kolumbie','Kostarika','Kuba','Mexiko','Nikaragua','Papua Nová Guinea','Peru','Rwanda','Salvador','Tanzánie','Uganda','Vietnam','Jáva') COLLATE utf8_czech_ci NOT NULL,
  `stupen_prazeni` enum('světlé','středně světlé','střední','středně tmavé','tmavé') COLLATE utf8_czech_ci DEFAULT NULL,
  `typ` enum('zrnková káva','čerstvě pražená káva','mletá káva','bezkofeinová káva') COLLATE utf8_czech_ci DEFAULT NULL,
  `chutovy_profil` set('čokoládová','ovocná','oříšková','květinová','zemitá','citrusová','karamelová','sladká','kořeněná','krémová','žádný') COLLATE utf8_czech_ci NOT NULL,
  `pridano` datetime NOT NULL DEFAULT CURRENT_TIMESTAMP,
  `pridano_uzivatel_jmeno` varchar(100) COLLATE utf8_czech_ci NOT NULL,
  `overeno` tinyint(1) NOT NULL,
  PRIMARY KEY (`id`)
) ENGINE=InnoDB AUTO_INCREMENT=24 DEFAULT CHARSET=utf8 COLLATE=utf8_czech_ci;

INSERT INTO `kava` (`id`, `nazev_kavy`, `znacka_prazirna`, `odruda`, `zeme_puvodu`, `stupen_prazeni`, `typ`, `chutovy_profil`, `pridano`, `pridano_uzivatel_jmeno`, `overeno`) VALUES
(3,	'El Diamante',	'Tchibo',	'arabica',	'Peru',	'střední',	'zrnková káva',	'oříšková,sladká',	'2025-05-29 21:38:10',	'KavaFan88',	1),
(4,	'Velikonoční káva 2025',	'COFFEESPOT',	'arabica',	'Mexiko',	'středně tmavé',	'čerstvě pražená káva',	'čokoládová,citrusová,sladká',	'2025-05-29 21:40:00',	'BeanHunterCZ',	1),
(6,	'Vilcabamba',	'Čokoládovna Troubelice',	'arabica',	'Ekvádor',	'středně světlé',	'čerstvě pražená káva',	'čokoládová,oříšková',	'2025-05-29 21:42:07',	'Jan Havlan',	1),
(8,	'X-MASS BLEND',	'CITY ROASTERS',	'mondo novo',	'Brazílie',	'střední',	'čerstvě pražená káva',	'čokoládová,ovocná,oříšková,krémová',	'2025-05-29 21:44:37',	'EspressoVoyager',	1),
(9,	'Café Malacatus Miel',	'Čokoládovna Troubelice',	'típica',	'Ekvádor',	'středně tmavé',	'čerstvě pražená káva',	'ovocná',	'2025-05-29 21:45:41',	'TmavaMoc',	1),
(10,	'Valentine Blend',	'CITY ROASTERS',	'mondo novo',	'Brazílie',	'světlé',	'zrnková káva',	'čokoládová,oříšková',	'2025-05-29 21:46:46',	'LatteLoverX',	1),
(11,	'Handcrafted Coffee',	'Bellarom',	'arabica',	'Brazílie',	'středně světlé',	'čerstvě pražená káva',	'ovocná',	'2025-05-29 21:48:05',	'CafeNova42',	1),
(12,	'Krudumská',	'Crudum COFFEE',	'arabica',	'Brazílie',	'střední',	'zrnková káva',	'ovocná',	'2025-05-29 21:49:11',	'Kofeinak2025',	1),
(13,	'Naše cesta',	'Crudum COFFEE',	'robusta',	'Indie',	'střední',	'zrnková káva',	'čokoládová,oříšková',	'2025-05-29 21:50:27',	'MletaRealita',	1),
(14,	'Handcrafted Coffee Colombia',	'Bellarom',	'arabica',	'Kolumbie',	'světlé',	'zrnková káva',	'ovocná,květinová',	'2025-05-29 21:51:18',	'RanniStartCZ',	1),
(15,	'Kenya AA',	'JAVA HOUSE',	'arabica',	'Keňa',	'střední',	'zrnková káva',	'ovocná,citrusová',	'2025-05-29 21:53:18',	'ArabicaHero',	1),
(23,	'PINKSTAR',	'aeg',	'SFG',	'Rwanda',	'světlé',	'čerstvě pražená káva',	'čokoládová,krémová',	'2025-06-09 19:19:10',	'jenda',	1);

-- 2025-09-23 08:26:47
